3, what is -101 - 53?
-154
In base 15, what is 2 - 2449?
-2447
In base 4, what is 0 + 3020020?
3020020
In base 7, what is -32242 - 0?
-32242
In base 2, what is -111011011110010 + 1111011?
-111011001110111
In base 9, what is 2142 - -30?
2172
In base 16, what is -17 - -16f?
158
In base 7, what is 13 + 35123?
35136
In base 3, what is 12002210 + 22?
12010002
In base 13, what is -3 - 9429?
-942c
In base 5, what is 10040003 + -142?
10034311
In base 15, what is 2589a + -3?
25897
In base 13, what is -7a49 + -2?
-7a4b
In base 6, what is -41 + -10110?
-10151
In base 12, what is a235 - bb?
a136
In base 10, what is 3337 + 28?
3365
In base 2, what is 11001011010 - 11100?
11000111110
In base 6, what is -1322203 - -3?
-1322200
In base 2, what is 1010000010011010111100 + 1?
1010000010011010111101
In base 11, what is 5 + -34884?
-3487a
In base 7, what is 3 + -1512123?
-1512120
In base 16, what is 1371a - 6?
13714
In base 3, what is -1 + 101101112?
101101111
In base 16, what is 1 - -1c912?
1c913
In base 15, what is 0 - -8d8a9?
8d8a9
In base 4, what is 0 - -1221001?
1221001
In base 14, what is -1 + 14971?
14970
In base 10, what is -4 - 12265?
-12269
In base 9, what is -48403 + 3?
-48400
In base 13, what is -785436 + 2?
-785434
In base 12, what is 86 - -126?
1b0
In base 3, what is -11 - -10212011002?
10212010221
In base 4, what is 1303231203 + 11?
1303231220
In base 6, what is -13 + 1515401?
1515344
In base 8, what is 74172 - -11?
74203
In base 13, what is 138b8 - 1a?
1389b
In base 13, what is 3 + -78474?
-78471
In base 5, what is -1211223 + 2?
-1211221
In base 3, what is 20 + 201122022?
201122112
In base 5, what is 1104041 + -43?
1103443
In base 12, what is 268a4a + -1?
268a49
In base 5, what is 41134202 - 2?
41134200
In base 8, what is -21475 + -4?
-21501
In base 10, what is -5 - 16993?
-16998
In base 3, what is -221212120 + -2?
-221212122
In base 5, what is 3011 + -1023?
1433
In base 14, what is 1 - 1a4181?
-1a4180
In base 9, what is 3 + -45082?
-45078
In base 3, what is -11 - 221012111100?
-221012111111
In base 3, what is -1 + -101120011?
-101120012
In base 13, what is 2166b - 17?
21654
In base 7, what is 245614 - 5?
245606
In base 15, what is -1 + 15031?
15030
In base 13, what is -70746a + -2?
-70746c
In base 6, what is 1001350 + 20?
1001410
In base 7, what is 14633 - 4?
14626
In base 12, what is -3 - 3a798?
-3a79b
In base 5, what is -3412 - -1232?
-2130
In base 7, what is 152161 - 2?
152156
In base 16, what is 5a4e2 + -c?
5a4d6
In base 6, what is -111001 + 3?
-110554
In base 12, what is 4 + -6538b?
-65387
In base 6, what is -11 + 32414?
32403
In base 13, what is ab + -3cb?
-320
In base 9, what is -3 + -2076?
-2080
In base 3, what is -2021221112012 + 0?
-2021221112012
In base 14, what is 314d0 + -1?
314cd
In base 13, what is -725 - 1ca?
-922
In base 16, what is -3c7624 - 1?
-3c7625
In base 16, what is -8044c - 5?
-80451
In base 8, what is -117576 - 26?
-117624
In base 12, what is -21 + -3790?
-37b1
In base 13, what is -531c + -7?
-5326
In base 7, what is -23040 + 20?
-23020
In base 14, what is 53 + -35bd?
-356a
In base 5, what is -222102001 + -10?
-222102011
In base 16, what is -5 - -2175?
2170
In base 10, what is 37 + -661?
-624
In base 15, what is -2ed + -b?
-309
In base 5, what is 121123 + 14?
121142
In base 5, what is 1 - 10143240?
-10143234
In base 13, what is -4 + 57ab?
57a7
In base 7, what is -531 - 4006?
-4540
In base 4, what is 1121111232 - 0?
1121111232
In base 5, what is 3311 + -21414?
-13103
In base 5, what is 0 - -221414?
221414
In base 16, what is 22 - -1819?
183b
In base 15, what is -104d - 2a?
-1078
In base 8, what is 12525267 - -5?
12525274
In base 12, what is -7385 - -3?
-7382
In base 9, what is -314105 + 2?
-314103
In base 11, what is 4 - 120348?
-120344
In base 16, what is 20b52 - -4?
20b56
In base 9, what is -5875 + -1504?
-7480
In base 10, what is 1633 - 6?
1627
In base 3, what is 102 + 2112220112?
2112220221
In base 15, what is 14b - -8a7?
a03
In base 13, what is 185b7 - 16?
185a1
In base 14, what is b + -761ab?
-761a0
In base 4, what is 303020200 - 10?
303020130
In base 11, what is 10177 + 2?
10179
In base 2, what is -100000111111011 + 1011?
-100000111110000
In base 13, what is -76 - 3238?
-32b1
In base 4, what is 3131303311 + -11?
3131303300
In base 2, what is -1 - 11010010101000111?
-11010010101001000
In base 5, what is -220202 + 2?
-220200
In base 2, what is -100 - 1110010010?
-1110010110
In base 2, what is -1010010101001111110 + 11?
-1010010101001111011
In base 15, what is -3 - -2da26?
2da23
In base 13, what is -16a12 + -4?
-16a16
In base 12, what is -1072 + -105?
-1177
In base 14, what is 4 - ab51a?
-ab516
In base 14, what is -9308 - -3?
-9305
In base 5, what is 110 + 343202?
343312
In base 16, what is -76ccb - 2?
-76ccd
In base 15, what is -20 + 20286?
20266
In base 9, what is -11132 - 5?
-11137
In base 11, what is 0 + 252423?
252423
In base 8, what is 4 + -1607514?
-1607510
In base 11, what is 776 + -8a?
697
In base 4, what is -233232 - 110?
-300002
In base 8, what is 5 + 52217?
52224
In base 14, what is -4b - -3a58?
3a0b
In base 13, what is 190b8 - 12?
190a6
In base 7, what is -225545 + 4?
-225541
In base 8, what is -160 + -474?
-654
In base 13, what is 322369 + 4?
322370
In base 7, what is 55153 - 0?
55153
In base 6, what is -343 + 1504?
1121
In base 10, what is 58 - 34177?
-34119
In base 2, what is 100000100 + 1110100?
101111000
In base 3, what is 2210 - 10202220?
-10200010
In base 9, what is -285 - 185?
-481
In base 8, what is 320 - 23?
275
In base 10, what is 4 + 29860?
29864
In base 4, what is -122220031 - 3?
-122220100
In base 4, what is -230230 + -123023?
-1013313
In base 10, what is -5292 + 1?
-5291
In base 12, what is -25a5 - -b?
-2596
In base 15, what is -4 + -2283?
-2287
In base 8, what is 205104 - -4?
205110
In base 3, what is 10120020 - 2011?
10111002
In base 7, what is -2 + -6335543?
-6335545
In base 16, what is 7 - 19c2?
-19bb
In base 5, what is -2 + 2432231?
2432224
In base 9, what is 544 - 42?
502
In base 10, what is 1136 + 23?
1159
In base 2, what is -10010010010000 + 11?
-10010010001101
In base 9, what is 488 - 1340?
-741
In base 10, what is 12 + 10627?
10639
In base 6, what is 2 + -51550442?
-51550440
In base 6, what is 3 - -1444302?
1444305
In base 5, what is -124403 + -101?
-130004
In base 13, what is 51170 + -5?
51168
In base 12, what is 49 - 142?
-b5
In base 12, what is 18 - -3bba?
4016
In base 7, what is 3261 - -653?
4244
In base 6, what is 15441 + -13?
15424
In base 9, what is 4 + 46082?
46086
In base 11, what is -50 + 110a5?
11055
In base 11, what is -105aa15 - -1?
-105aa14
In base 12, what is 38747 - 0?
38747
In base 14, what is -438d - -b?
-4382
In base 11, what is 1 - 14078?
-14077
In base 12, what is 268 - 3b69?
-3901
In base 7, what is 200556 + -24?
200532
In base 6, what is -5 + -540454?
-540503
In base 15, what is 4 - -25d7?
25db
In base 13, what is -1c - -305?
2b6
In base 9, what is -5372 + 4?
-5367
In base 11, what is a152 - 3?
a14a
In base 8, what is -35261 + 136?
-35123
In base 4, what is 0 - 2232123222?
-2232123222
In base 12, what is -2a02 - 19?
-2a1b
In base 13, what is 63 - 3a8a?
-3a27
In base 4, what is -31233100 + 11?
-31233023
In base 6, what is -215 - 10253?
-10512
In base 3, what is -12010120 + 2111202?
-2121211
In base 6, what is -213 - 103523?
-104140
In base 12, what is 29 + 4b7?
524
In base 11, what is -6053 + 1a?
-6034
In base 9, what is 3421 - -4?
3425
In base 15, what is 77 + -1458?
-13d1
In base 10, what is 152 - -49?
201
In base 13, what is -4 - -16318?
16314
In base 5, what is 10203 - 43410?
-33202
In base 11, what is -a94 - -11?
-a83
In base 15, what is 3 - 126?
-123
In base 12, what is 2a40 - -245?
3085
In base 7, what is -6 + -1466?
-1505
In base 7, what is 34 - -325?
362
In base 11, what is 3a + 4486?
4515
In base 15, what is 5 + -108408?
-108403
In base 2, what is 101 + 111010100011100100?
111010100011101001
In base 2, what is -11001001 - -10000000?
-1001001
In base 3, what is -11111121020 + 11?
-11111121002
In base 16, what is -52fab4 + 0?
-52fab4
In base 9, what is 27 - 85?
-57
In base 7, what is 316 + -345?
-26
In base 4, what is 11 + 101232120?
101232131
In base 16, what is 4f9f + ab?
504a
In base 16, what is -1704 + -7?
-170b
In base 16, what is 4 - -17652